est common divisor of g and 1?
1
Let v be 27/12 - 2/8. Suppose -3*m + 7*w = v*w + 11, 2*m - 14 = -2*w. What is the highest common divisor of 6 and m?
3
Suppose 0 = 4*y + 3*j + 720, 0*y + y - 3*j + 180 = 0. Let n = 313 + y. Calculate the greatest common divisor of 19 and n.
19
Let h(s) = s**2 + 2*s + 2. Let l be h(-2). Let y = 110 - 107. Suppose 2*k = y*k + l*c - 16, -2*k - 5*c + 32 = 0. What is the highest common factor of k and 40?
8
Let a = 49 - -84. Calculate the highest common divisor of 19 and a.
19
Let t(w) = -14*w**3 - w**2 + w + 1. Let x(b) = b - 7. Let d be x(6). Let i be t(d). Calculate the greatest common divisor of 104 and i.
13
Suppose 5*r + 1 = 6*r. Calculate the highest common factor of r and 4.
1
Let n = 5 - 1. Suppose 0 = -2*g - n, -f = 3*g - 0*g - 5. Calculate the greatest common divisor of f and 77.
11
Suppose 2*g - 6 = 2. Suppose -4*f + 2*f - 10 = 0. Let m(o) = -o**2 - 5*o + 12. Let c be m(f). What is the greatest common factor of c and g?
4
Suppose 8*m - 13*m + 125 = 0. What is the highest common divisor of m and 50?
25
Let z(t) = 12*t + 0 + 0 + 4 - 1. Let c be z(2). What is the highest common divisor of 27 and c?
27
Suppose -5*k + 4 = -6. Suppose k*q - 22 = q + 5*o, -6 = -q + o. Let v = 16 + 2. Calculate the highest common factor of q and v.
2
Let r be ((-32)/(-10))/(6/15). What is the highest common factor of r and 40?
8
Let p be 2/15 + 9512/435. What is the highest common factor of 2 and p?
2
Let h be 2/2*(18 - 13). Suppose 2*u + 6 = 4*o, 0*o - 4*o = -3*u - 3. Let m be (-2)/u*15/(-2). What is the highest common divisor of m and h?
5
Let c = 19 + -3. Let d be (680/(-51))/((-2)/12). Calculate the highest common factor of c and d.
16
Suppose 5*x + j = 308, 3*j = x - 2*x + 70. Let v = x + -43. Calculate the greatest common divisor of 27 and v.
9
Let a = 51 - 27. Calculate the greatest common factor of 264 and a.
24
Let x(c) = c + 15. Let r be x(-10). Suppose -3*a + 0*a - 2*n = -8, -r*n = -5. What is the greatest common factor of 6 and a?
2
Let d(b) = -7*b + 1. Let z be d(-2). Let p(o) = -o + 8. Let t be p(-7). Calculate the highest common divisor of z and t.
15
Let v(s) = s**3 + 6*s**2 + 7*s. Let z be v(-5). Let r be 40/(-12)*(z - 2). Calculate the highest common factor of 16 and r.
8
Let w(l) be the third derivative of l**4/24 + 115*l**3/6 + 4*l**2. Let n be w(0). Calculate the highest common factor of n and 23.
23
Let b(a) = -a**3 - 7*a**2 + a + 13. Let i be b(-7). What is the greatest common factor of i and 66?
6
Let l(t) = -70*t + 2. Let a be l(1). Suppose -m + 3*m = -2*b + 214, -3*m + 281 = -5*b. Let o = m + a. Calculate the highest common factor of o and 51.
17
Let s(t) = -11*t**3 - 1. Let k be s(-1). What is the greatest common divisor of k and 80?
10
Let p be 4/(-18) + (-770)/(-63). Let t be (-26)/(-4) + 10/(-20). Calculate the greatest common divisor of t and p.
6
Let d(b) = b**2 - b + 38. Let q be d(0). Let m = -27 + q. What is the greatest common divisor of 1 and m?
1
Let h be 50 + (0 + 1 - 45/(-15)). Calculate the highest common divisor of 18 and h.
18
Suppose -12 = -4*l + 3*l. Calculate the highest common factor of 132 and l.
12
Let l = 12 - 7. Calculate the greatest common factor of 1 and l.
1
Suppose 3*o = -h + 721, -3*o + 688 + 53 = -3*h. What is the greatest common divisor of o and 22?
22
Let o be (-6)/14 - (-952)/49. Calculate the highest common divisor of o and 19.
19
Suppose -2*j + 4*j - 880 = 0. Suppose 5*q - 3*q = j. What is the highest common factor of q and 20?
20
Let u = -15 + 22. Suppose -3*k + 5*f + 26 = 0, -5*f + 3*f - 37 = -5*k. Suppose -14 + k = -s. What is the highest common divisor of s and u?
7
Suppose -6 = 2*c - 0*c, c = 3*f - 12. Let h = 31 - 16. Suppose 0 = -d - 3 + h. Calculate the greatest common factor of f and d.
3
Let y be ((-160)/12)/2*(-576)/20. What is the greatest common divisor of 24 and y?
24
Suppose 0 = -3*h - 3 + 12. Let v(r) be the third derivative of r**5/30 + 3*r**4/8 + r**3 - r**2. Let j be v(-6). What is the greatest common factor of h and j?
3
Let c be 1 - (0 + -3 - 183). Let j be (c/(-11))/(2/(-2)). What is the highest common divisor of j and 68?
17
Suppose -3*g = -p + 29, 24 = 2*p + 4*g - 4. Let a = 9 - -3. Let h = a - 4. Calculate the highest common divisor of p and h.
4
Suppose 0 = 37*z - 34*z - 51. Calculate the greatest common factor of 119 and z.
17
Suppose -3*f + 0*l + 3*l = 9, -l - 3 = -4*f. Suppose 0 = 2*m - f, -3*k - m = 2*k - 271. What is the greatest common factor of k and 81?
27
Suppose -d - 4*d + 40 = i, 0 = -2*d + 2*i + 28. What is the greatest common factor of d and 6?
3
Let q be 42*(1/2)/1. Suppose -61 + q = -5*v. Let r be v/(-6)*(-60 - 0). Calculate the greatest common divisor of 10 and r.
10
Let g = -106 - -190. What is the greatest common divisor of 21 and g?
21
Let w = -8 - -6. Let b = w + 12. What is the greatest common divisor of b and 80?
10
Let j(a) = -4*a + 4. Let p be j(-5). Let b be p*2 - 3 - -3. Let m be (-111)/(-9) + (-2)/6. Calculate the highest common factor of b and m.
12
Let m = 581 - -59. Let o be m/(-12)*(-3)/2. What is the greatest common divisor of o and 16?
16
Let p(y) = -3*y**2 - 13*y - 7*y**2 - y**3 + 4 + 4*y. Let q be p(-9). Let g be 1/((-7)/8 + 1). What is the highest common factor of q and g?
4
Let q(s) = -3*s - 5 + s**3 + 0*s + s**2 - 5*s**2. Let g be q(5). Suppose -c - c + 50 = 4*n, -5*n = -3*c - 90. What is the highest common divisor of n and g?
5
Let g = 8 - 8. Let n = g - -10. What is the greatest common factor of 10 and n?
10
Let n = 339 - -36. Suppose -a = 4*a - n. Calculate the highest common factor of a and 15.
15
Suppose 0 = -l + 6*l - 200. What is the highest common divisor of l and 30?
10
Suppose -5*t = -3*y + 30 - 6, -t = 3*y - 42. What is the greatest common factor of y and 78?
13
Suppose -5*d - 27 = -2*t + 44, 5*d - 160 = -5*t. Calculate the highest common factor of 3 and t.
3
Suppose -3*n = -24 - 12. Calculate the greatest common divisor of n and 18.
6
Let u be (-16)/(-10)*(5 + -10). Let g = u - -7. Let p be 188/24 - g/6. Calculate the highest common factor of 24 and p.
8
Suppose -340 = -4*l + 4*t, -3*t = -2*l - 2*t + 170. What is the highest common factor of l and 17?
17
Let p = 49 - 19. Calculate the greatest common factor of 3 and p.
3
Let q be (-1)/(-9) - 88/(-18). What is the greatest common divisor of 2 and q?
1
Suppose 0 = 2*w + w + 9. Let j = w - -7. Suppose y - 51 = j*l, 4*y + 5*l - 141 = 2*y. Calculate the highest common divisor of y and 9.
9
Let z = 13 - 10. Suppose -z*n + 7*n - 160 = 0. Calculate the greatest common factor of n and 16.
8
Let g be 2/(-2*(-1)/55). Let f(b) = 2*b**3 - 3*b**2. Let k be f(2). Suppose l + 25 = 2*l - k*r, 2*r + 20 = 2*l. Calculate the greatest common factor of g and l.
5
Let n = -5 - -8. Suppose n*f = 7 + 2. Let x = 47 - 32. What is the highest common factor of x and f?
3
Let v = -1 + 14. Let a(t) = -2*t + 52. Let d be a(0). What is the greatest common factor of v and d?
13
Suppose -29 = -4*b + f, -6*b + 20 = -3*b + f. Suppose 494 = 5*d - 486. Suppose 2*v + 2*v - d = 0. What is the highest common divisor of v and b?
7
Suppose 0*k = -4*k + 96. Calculate the highest common divisor of k and 16.
8
Let q(j) = 9*j - 6. Suppose 5*g - 8 - 22 = 0. Let r be q(g). Suppose w + r = 2*w. What is the highest common divisor of w and 12?
12
Let f(k) = 5 + k**2 + 3*k - 4 - 7. Let h be f(-6). Suppose 0*x + h = 4*x. What is the highest common factor of 27 and x?
3
Let x(q) = q**2 - 4*q + 4. Let t be x(4). Suppose v - 12 = t*o + 23, -2*o - 10 = 0. Suppose 5*z - 502 = 98. What is the highest common factor of v and z?
15
Let g = 53 - 19. Let w be (-15)/(-5)*(0 + 17). Calculate the greatest common factor of g and w.
17
Let m = -62 + 174. What is the greatest common divisor of m and 16?
16
Let h(g) = -g**3 - 12*g**2 - 12*g + 4. Let c be h(-11). Calculate the greatest common factor of 120 and c.
15
Let o = 5 + 37. Suppose -4*c - 3*f - 49 = 0, -2*c + 10 = 5*f + 45. Let z be (-105)/c*8/3. What is the greatest common factor of o and z?
14
Suppose l - 2*g = -53 - 35, 0 = -2*g + 6. Let j = 30 - l. Suppose h = -3*h + j. What is the greatest common divisor of 7 and h?
7
Let a = -23 - -16. Let c(i) = i**2 + 6*i - 5. Let q be c(a). Calculate the greatest common divisor of q and 8.
2
Let k be 1/((-2)/(